 6 divide 302760?
True
Is 222210 a multiple of 15?
True
Is 2134745 a multiple of 19?
True
Does 95 divide 259350?
True
Is 5256196 a multiple of 97?
False
Is 58 a factor of 476342?
False
Does 30 divide 1831630?
False
Is 83 a factor of 1338388?
False
Is 90 a factor of 7598340?
True
Is 489 a factor of 115398?
False
Is 329190 a multiple of 30?
True
Is 257 a factor of 91492?
True
Is 148 a factor of 203058?
False
Is 300 a factor of 1818600?
True
Does 6 divide 82944?
True
Is 143 a factor of 4303119?
False
Is 187 a factor of 105468?
True
Is 127890 a multiple of 62?
False
Does 2 divide 342122?
True
Is 477075 a multiple of 15?
True
Is 2 a factor of 128626?
True
Is 189 a factor of 384680?
False
Is 13 a factor of 53924?
True
Is 4 a factor of 276?
True
Is 120258 a multiple of 54?
True
Is 3831800 a multiple of 1610?
True
Is 6350622 a multiple of 34?
True
Is 17553312 a multiple of 36?
True
Is 351710 a multiple of 90?
False
Does 42 divide 1519098?
True
Is 6332872 a multiple of 563?
False
Is 1487609 a multiple of 83?
True
Is 108 a factor of 767556?
True
Does 18 divide 742716?
True
Is 6 a factor of 75342?
True
Does 992 divide 4466976?
True
Does 6 divide 933604?
False
Does 13 divide 90987?
True
Does 316 divide 470639?
False
Is 19 a factor of 40781?
False
Does 783 divide 5347322?
False
Is 879642 a multiple of 18?
True
Does 318 divide 1520676?
True
Is 9122784 a multiple of 326?
True
Is 5 a factor of 31537?
False
Is 22 a factor of 4785682?
True
Does 433 divide 208273?
True
Is 3 a factor of 316293?
True
Does 63 divide 552762?
True
Is 34 a factor of 33329894?
True
Does 281 divide 1566809?
False
Is 304 a factor of 1132499?
False
Is 361547 a multiple of 61?
True
Is 107 a factor of 24319602?
True
Does 155 divide 85095?
True
Does 53 divide 271836?
False
Does 55 divide 787013?
False
Is 30 a factor of 5975445?
False
Is 51 a factor of 11828940?
True
Is 38 a factor of 5407476?
True
Is 13063032 a multiple of 456?
True
Is 154866 a multiple of 53?
True
Is 347 a factor of 4559233?
True
Is 25641 a multiple of 8?
False
Does 95 divide 535705?
True
Does 25 divide 1460300?
True
Is 611 a factor of 3515694?
True
Is 24 a factor of 39439?
False
Is 10600070 a multiple of 67?
True
Does 101 divide 4148979?
True
Is 1655634 a multiple of 308?
False
Does 32 divide 1367648?
True
Is 193861 a multiple of 173?
False
Is 1021 a factor of 2916148?
False
Does 42 divide 35616?
True
Is 1141564 a multiple of 43?
True
Is 860856 a multiple of 33?
False
Is 1120010 a multiple of 16?
False
Does 14 divide 19086998?
True
Does 109 divide 507559?
False
Is 2690740 a multiple of 57?
False
Does 169 divide 4307472?
True
Does 21 divide 63454?
False
Is 337823 a multiple of 8?
False
Is 5626842 a multiple of 39?
True
Is 1216 a factor of 22193216?
True
Is 1191 a factor of 4536519?
True
Does 88 divide 382888?
True
Is 154160 even?
True
Is 147 a factor of 501123?
True
Is 456987 a multiple of 3?
True
Is 1494359 a multiple of 116?
False
Is 3135576 a multiple of 12?
True
Is 5 a factor of 134400?
True
Is 940728 a multiple of 54?
False
Is 74 a factor of 16024478?
True
Does 2 divide 4713824?
True
Is 4 a factor of 815948?
True
Is 1320 a factor of 3507592?
False
Is 646 a factor of 540702?
True
Does 82 divide 351206?
True
Does 73 divide 3510790?
False
Is 71 a factor of 24566?
True
Does 8 divide 3037864?
True
Is 5 a factor of 9212?
False
Is 1793428 a multiple of 403?
False
Is 8 a factor of 195408?
True
Is 6 a factor of 118115?
False
Does 8 divide 191040?
True
Does 9 divide 123552?
True
Does 171 divide 1079523?
True
Does 3 divide 513?
True
Is 12660327 a multiple of 1073?
True
Is 258 a factor of 418039?
False
Is 733584 a multiple of 31?
True
Is 2 a factor of 3318343?
False
Does 281 divide 677772?
True
Is 14 a factor of 494870?
False
Is 13452 a multiple of 27?
False
Is 755099 a multiple of 197?
False
Is 14 a factor of 227753?
False
Does 11 divide 362068?
False
Is 629113 a multiple of 55?
False
Is 266214 a multiple of 13?
True
Is 1427 a factor of 27745161?
True
Is 39 a factor of 22005?
False
Does 427 divide 960750?
True
Is 23421 a multiple of 261?
False
Does 74 divide 2892364?
True
Does 47 divide 25287?
False
Is 364 a factor of 1319136?
True
Does 52 divide 20144?
False
Is 88882 a multiple of 105?
False
Does 8 divide 886010?
False
Does 57 divide 1120848?
True
Is 480 a factor of 2240640?
True
Is 2 a factor of 66524?
True
Is 23498139 a multiple of 132?
False
Is 5798 even?
True
Does 180 divide 78480?
True
Is 36 a factor of 962517?
False
Is 113744 a multiple of 16?
True
Does 5 divide 127517?
False
Does 226 divide 153618?
False
Does 1007 divide 701879?
True
Does 159 divide 2278198?
False
Is 2 a factor of 33542?
True
Is 5708619 a multiple of 87?
False
Is 55 a factor of 510730?
True
Is 47 a factor of 137382?
False
Is 40053 a multiple of 39?
True
Does 11 divide 30166?
False
Is 480 a factor of 113280?
True
Does 410 divide 628120?
True
Is 12 a factor of 264624?
True
Is 16 a factor of 12974480?
True
Is 2422913 a multiple of 583?
False
Is 130 a factor of 559064?
False
Is 2039 a factor of 5083285?
False
Does 17 divide 888204?
False
Does 4 divide 35149?
False
Is 66 a factor of 76890?
True
Is 52 a factor of 64376?
True
Does 56 divide 628654?
False
Is 72 a factor of 6663402?
False
Does 163 divide 5745?
False
Does 33 divide 185336?
False
Is 42120 a multiple of 135?
True
Is 3263195 a multiple of 13?
True
Is 36 a factor of 259200?
True
Is 467 a factor of 2602591?
True
Does 106 divide 94763?
False
Is 37296 a multiple of 126?
True
Is 445 a factor of 10252371?
False
Is 633120 a multiple of 15?
True
Does 28 divide 116004?
True
Is 156412 a multiple of 149?
False
Does 133 divide 7338408?
True
Does 49 divide 28028?
True
Does 11 divide 308245?
False
Is 500600 a multiple of 10?
True
Does 384 divide 4790400?
True
Is 2799714 a multiple of 26?
False
Does 48 divide 440784?
True
Is 110 a factor of 1778459?
False
Does 22 divide 27266?
False
Is 66 a factor of 8124?
False
Is 65948 a multiple of 4?
True
Is 683587 a multiple of 79?
True
Is 662374 a multiple of 15?
False
Is 25 a factor of 69098?
False
Is 18 a factor of 168246?
True
Is 548603 a multiple of 166?
False
Is 1388 a factor of 43028?
True
Is 5 a factor of 6385?
True
Does 357 divide 1802136?
True
Is 45612 a multiple of 14?
True
Is 9089391 a multiple of 17?
False
Is 384059 a multiple of 13?
True
Is 190080 a multiple of 216?
True
Is 1605092 a multiple of 548?
True
Is 16 a factor of 98960?
True
Is 335738 a multiple of 165?
False
Does 233 divide 243485?
True
Is 104488 a multiple of 3?
False
Is 201360 a multiple of 45?
False
Is 218 a factor of 5383703?
False
Is 889729 a multiple of 58?
False
Is 4 a factor of 209574?
False
Is 6274417 a multiple of 7?
False
Does 235 divide 459190?
True
Is 9219936 a multiple of 88?
True
Is 57 a factor of 71421?
True
Is 107 a factor of 124013?
True
Does 27 divide 13309561?
False
Is 2196600 a multiple of 14?
True
Is 14 a factor of 196569?
False
Does 203 divide 751095?
False
Does 3 divide 334483?
False
Is 34 a factor of 4885256?
True
Does 54 divide 60446?
False
Is 507 a factor of 10027058?
False
Is 647111 a multiple of 785?
False
Is 60 a factor of 3119818?
False
Is 13820498 a multiple of 507?
False
Does 18 divide 1321966?
False
Is 20 a factor of 2460?
True
Does 420 divide 3995?
False
Does 15 divide 67980?
True
Is 3 a factor of 6030087?
True
Is 128 a factor of 929792?
True
Does 11 divide 20713?
True
Is 80 a factor of 6310903?
False
Is 105599 a multiple of 8?
False
Is 84000 a multiple of 20?
True
Does 149 divide 90296?
False
Is 8 a factor of 7199876?
False
Does 123 divide 226017?
False
Is 46 a factor of 13387?
False
Is 15 a factor of 4549230?
True
Is 19 a factor of 68872?
False
Is 1667802 a multiple of 498?
True
Is 189 a factor of 63344?
False
Does 6 divide 146397?
False
Is 12 a factor of 1672128?
True
Does 22 divide 733348?
True
Is 3965647 a multiple of 82?
False
Is 125 a factor of 5467000?
True
Is 76 a factor of 557688?
True
Does 557 divide 180405?
False
Is 11 a factor of 4208130?
False
Is 83 a factor of 96114?
True
Does 35 divide 46480?
True
Does 47 divide 128451?
True
Does 4 divide 1405416?
True
Is 157979 a multiple of 13?
False
Is 566 a factor of 5900550?
True
Is 29 a factor of 13177134?
False
Is 9994617 a multiple of 93?
True
Is 45 a factor of 3418894?
False
Is 5 a factor of 721058?
False
